
True
Is 6643048 a multiple of 30?
False
Is 1132 a factor of 25192660?
True
Is 19 a factor of 140988046?
False
Is 204 a factor of 47932452?
True
Does 2010 divide 150792067?
False
Does 1890 divide 137945430?
True
Does 97 divide 96115748?
True
Is 60919724 a multiple of 3?
False
Is 149 a factor of 14487507?
False
Is 16 a factor of 33111873?
False
Is 1310 a factor of 200259700?
True
Is 218 a factor of 636023066?
True
Is 1102 a factor of 2055313652?
False
Is 271275426 a multiple of 3502?
True
Is 48981465 a multiple of 65?
True
Does 3659 divide 271482407?
False
Is 134 a factor of 445442666?
True
Is 15 a factor of 694783453?
False
Is 19 a factor of 14399919?
False
Is 84 a factor of 503641824?
True
Is 2845209 a multiple of 4?
False
Does 200 divide 359877360?
False
Does 37 divide 1319894497?
False
Does 9 divide 3925467?
True
Is 1805 a factor of 601111196?
False
Is 1100613900 a multiple of 15900?
True
Is 182903958 a multiple of 23?
True
Is 1264032 a multiple of 42?
True
Is 2692524 a multiple of 118?
True
Is 43586963 a multiple of 7?
True
Is 147 a factor of 942178163?
False
Is 1120836552 a multiple of 1012?
True
Does 48 divide 102777417?
False
Does 11 divide 2667764?
True
Is 9894 a factor of 1668958014?
False
Is 2608 a factor of 2981898528?
True
Is 141 a factor of 2726658?
True
Is 64839046 a multiple of 562?
False
Is 24376864 a multiple of 303?
False
Does 13 divide 61148802?
True
Is 6311634483 a multiple of 147?
True
Is 1025117858 a multiple of 1040?
False
Does 297 divide 408050708?
False
Is 316163380 a multiple of 26?
True
Is 72660520 a multiple of 191?
False
Is 8 a factor of 2478756?
False
Does 14101 divide 4945381659?
False
Does 88 divide 341351346?
False
Is 440 a factor of 87500600?
True
Is 7859 a factor of 418249368?
False
Is 2089 a factor of 2308286508?
True
Does 3177 divide 51665152?
False
Is 5 a factor of 18697355?
True
Is 105812542 a multiple of 900?
False
Is 94 a factor of 396435742?
False
Is 118417768 a multiple of 124?
True
Does 286 divide 38666379?
False
Does 38 divide 1031049122?
False
Is 1344730848 a multiple of 47?
False
Is 2094 a factor of 690737310?
True
Is 110 a factor of 5291806661?
False
Does 38 divide 2322673268?
False
Does 725 divide 11683212?
False
Is 5197070 a multiple of 2524?
False
Is 142528242 a multiple of 67?
False
Is 20603567 a multiple of 15?
False
Is 1026 a factor of 775189985?
False
Is 28991457 a multiple of 97?
True
Is 27208571 a multiple of 12?
False
Is 55 a factor of 8928167?
False
Is 39 a factor of 3234753444?
True
Does 2034 divide 5716701?
False
Is 309862830 a multiple of 82?
True
Is 262 a factor of 1118497823?
False
Does 8 divide 61486554?
False
Is 87598893 a multiple of 659?
True
Is 938 a factor of 51573116?
True
Is 4 a factor of 289625?
False
Is 3165700 a multiple of 330?
False
Is 59863914 a multiple of 558?
True
Is 420879318 a multiple of 2754?
False
Is 563802700 a multiple of 6?
False
Is 60185578 a multiple of 1957?
True
Is 376353401 a multiple of 100?
False
Is 895574188 a multiple of 605?
False
Is 5947 a factor of 254758014?
False
Is 12 a factor of 583685622?
False
Does 26 divide 136477068?
True
Is 441987301 a multiple of 7?
True
Does 2 divide 762529467?
False
Does 35 divide 164302775?
True
Is 439619893 a multiple of 68?
False
Is 33 a factor of 60913280?
False
Is 29 a factor of 6863778?
True
Is 2558753 a multiple of 5?
False
Is 21 a factor of 38383667?
False
Does 239 divide 53264496?
True
Does 377 divide 1974624414?
False
Is 81 a factor of 203143950?
True
Is 1953950 a multiple of 5?
True
Is 22 a factor of 4613070?
True
Is 130 a factor of 100523333?
False
Is 459746870 a multiple of 55?
True
Is 960010170 a multiple of 961?
True
Does 871 divide 87171422?
True
Does 383 divide 8874714?
False
Is 17286060 a multiple of 11?
True
Is 168157433 a multiple of 2029?
True
Is 629528 a multiple of 4?
True
Does 137 divide 115427776?
False
Does 6 divide 7466871?
False
Does 2501 divide 18965848?
False
Is 376946100 a multiple of 30?
True
Does 32 divide 537221997?
False
Does 182 divide 20513850?
False
Is 37877868 a multiple of 76?
True
Is 308687240 a multiple of 20?
True
Is 715674162 a multiple of 645?
False
Does 14 divide 346591568?
False
Does 2403 divide 1685959218?
True
Is 6 a factor of 9148491?
False
Is 71 a factor of 29248082?
False
Does 260 divide 170546088?
False
Is 176926715 a multiple of 7?
True
Does 37 divide 1742478?
True
Is 11 a factor of 3559545?
True
Is 1805 a factor of 940475394?
False
Is 181 a factor of 2051329653?
True
Does 19 divide 312700681?
False
Is 1082 a factor of 16923012?
False
Is 20555988 a multiple of 5?
False
Is 1236918852 a multiple of 471?
False
Is 170461892 a multiple of 62?
False
Is 746 a factor of 102052800?
True
Is 511 a factor of 1539783525?
True
Is 5172830 a multiple of 86?
False
Is 109 a factor of 31683030?
True
Is 292948694 a multiple of 3?
False
Is 1358872413 a multiple of 84?
False
Does 21 divide 20749533?
True
Is 50853950 a multiple of 2?
True
Does 15 divide 9678108?
False
Is 19 a factor of 1117656?
True
Is 1152963840 a multiple of 1652?
True
Is 56749429 a multiple of 12?
False
Is 20078327 a multiple of 55?
False
Does 20 divide 103686897?
False
Does 40 divide 25381233?
False
Is 11 a factor of 49362060?
True
Is 60954310 a multiple of 329?
False
Is 374605528 a multiple of 1282?
True
Is 29742102 a multiple of 30?
False
Is 81877092 a multiple of 22?
True
Is 45 a factor of 153812287?
False
Is 73901103 a multiple of 163?
True
Is 4013 a factor of 77607407?
True
Does 243 divide 194174739?
True
Is 222151358 a multiple of 143?
True
Is 56279396 a multiple of 82?
False
Is 28 a factor of 81630388?
True
Is 3 a factor of 32032240?
False
Is 12475232 a multiple of 14?
True
Is 1742549855 a multiple of 4?
False
Is 1666161666 a multiple of 2802?
True
Is 109 a factor of 1570581?
True
Does 504 divide 108421992?
True
Is 396681000 a multiple of 20?
True
Does 921 divide 1742294382?
True
Is 28007070 a multiple of 1345?
False
Is 73543938 a multiple of 34?
True
Does 1563 divide 86771659?
False
Is 865 a factor of 310869222?
False
Is 3945794 a multiple of 2?
True
Is 794 a factor of 1069533880?
True
Is 56517038 a multiple of 1042?
True
Is 669586305 a multiple of 2?
False
Does 808 divide 192341976?
True
Does 82 divide 12485382?
False
Is 1443 a factor of 184744480?
False
Is 5 a factor of 453382016?
False
Is 25044012 a multiple of 25?
False
Does 7 divide 18007017?
True
Is 71 a factor of 690864489?
False
Is 1361953138 a multiple of 3242?
False
Is 87 a factor of 554497603?
False
Does 107 divide 227572526?
False
Is 2107884618 a multiple of 11?
False
Is 64 a factor of 3400832031?
False
Is 1994744 a multiple of 74?
True
Does 16 divide 688807448?
False
Is 62210995 a multiple of 5?
True
Is 76735896 a multiple of 2439?
False
Does 419 divide 557761487?
True
Is 229991520 a multiple of 9?
False
Is 919260 a multiple of 272?
False
Does 4 divide 247987400?
True
Does 6 divide 215171906?
False
Is 15 a factor of 1128904900?
False
Is 50 a factor of 79883600?
True
Is 64990944 a multiple of 228?
True
Does 24 divide 35665645?
False
Is 83 a factor of 24790523?
True
Does 1912 divide 2639330536?
True
Is 73883250 a multiple of 125?
True
Is 1789 a factor of 3350789681?
False
Does 1482 divide 46094646?
True
Is 4361165 a multiple of 29?
True
Does 792 divide 53715079?
False
Does 7 divide 103447689?
False
Is 811156003 a multiple of 7?
True
Is 12 a factor of 35754684?
True
Is 1677 a factor of 916540872?
True
Is 5 a factor of 26971560?
True
Is 327086580 a multiple of 465?
True
Is 37057383 a multiple of 3?
True
Is 20 a factor of 58896180?
True
Does 160 divide 135369920?
True
Is 85505869 a multiple of 8?
False
Is 287 a factor of 58033409?
True
Is 328 a factor of 74095200?
True
Is 73 a factor of 141254202?
False
Does 484 divide 388808816?
True
Is 1362 a factor of 1325919541?
False
Is 78935316 a multiple of 105?
False
Does 78 divide 432400800?
True
Is 941791410 a multiple of 27?
False
Does 575 divide 2025047218?
False
Is 72 a factor of 28866672?
True
Is 2531 a factor of 147973920?
False
Does 9364 divide 2703360700?
False
Is 131 a factor of 1791035930?
True
Is 1121666808 a multiple of 1784?
True
Is 129275026 a multiple of 302?
True
Is 4640175 a multiple of 22?
False
Is 620637689 a multiple of 1571?
True
Does 108 divide 3190905?
False
Does 589 divide 15301